{"id":769,"date":"2022-01-23T14:00:26","date_gmt":"2022-01-23T14:00:26","guid":{"rendered":"https:\/\/carocouture.de\/?page_id=769"},"modified":"2022-03-30T20:42:29","modified_gmt":"2022-03-30T19:42:29","slug":"hier-entsteht-die-neue-webseite","status":"publish","type":"page","link":"https:\/\/carocouture.de\/","title":{"rendered":"Ihre Ma\u00dfschneiderin in N\u00fcrnberg!"},"content":{"rendered":"\t\t<div data-elementor-type=\"wp-page\" data-elementor-id=\"769\" class=\"elementor elementor-769\">\n\t\t\t\t\t\t<section class=\"elementor-section elementor-top-section elementor-element elementor-element-55abb014 elementor-section-boxed elementor-section-height-default elementor-section-height-default\" data-id=\"55abb014\" data-element_type=\"section\" data-e-type=\"section\">\n\t\t\t\t\t\t<div class=\"elementor-container elementor-column-gap-default\">\n\t\t\t\t\t<div class=\"elementor-column elementor-col-100 elementor-top-column elementor-element elementor-element-5afc8854\" data-id=\"5afc8854\" data-element_type=\"column\" data-e-type=\"column\">\n\t\t\t<div class=\"elementor-widget-wrap elementor-element-populated\">\n\t\t\t\t\t\t<div class=\"elementor-element elementor-element-3984803 elementor-widget elementor-widget-text-editor\" data-id=\"3984803\" data-element_type=\"widget\" data-e-type=\"widget\" data-widget_type=\"text-editor.default\">\n\t\t\t\t<div class=\"elementor-widget-container\">\n\t\t\t\t\t\t\t\t\t<p>Mein Name ist <span class=\"s3\">C<\/span><span class=\"s3\">a<\/span>rolin <span class=\"s3\">Ro<\/span>thmayr und ich bin der Kopf hinter CaRo Couture.<\/p><p class=\"s4\">In Anschluss an meine dreij\u00e4hrige<a name=\"_GoBack\"><\/a> Ausbildung zur Modeschneiderin an den Modeschulen N\u00fcrnberg B5, habe ich meine zweij\u00e4hrige Weiterbildung zur staatlich gepr\u00fcften Bekleidungstechnikerin 2019 mit Auszeichnung bestanden.<\/p><p class=\"s4\">Nach f\u00fcnf Jahren Ausbildung in Designe, Schnittkonstruktion und Fertigung habe ich mir, neben meiner T\u00e4tigkeit in einem Mode\u00e4nderungsatelier, mit meiner eigenen kleinen Ma\u00dfschneiderei einen gro\u00dfen Wunsch erf\u00fcllt.<\/p><p>Wenn Sie auf der Suche nach einem einzigartigen, passgenauen Outfit sind, an dem Sie lange Freude haben wollen, sind Sie bei mir genau richtig.<\/p><p>Von Kleidung f\u00fcr den allt\u00e4glichen Bedarf, \u00fcber Dirndl und Abendkleidung bis hin zum Brautkleid, setze ich Ihre Ideen gerne in die Tat um.<\/p><p>Erleben Sie mit wie aus einer Modeskizze in aufwendiger Handarbeit und in ein bis zwei Anproben, gerne bei Ihnen vor Ort, ein hochwertiges und einzigartiges Ma\u00dfst\u00fcck entsteht.<\/p><p>Habe ich Ihr Interesse geweckt? Dann kontaktieren Sie mich gerne \u00fcber das <a href=\"https:\/\/carocouture.de\/?page_id=804\">Kontaktformular.<\/a><\/p><p>Oder haben Sie Lust bekommen ihr Lieblingsst\u00fcck selbstanzufertigen? Dann schauen Sie gerne bei meiner Schnittmusterkollektion vorbei.<\/p>\t\t\t\t\t\t\t\t<\/div>\n\t\t\t\t<\/div>\n\t\t\t\t\t<\/div>\n\t\t<\/div>\n\t\t\t\t\t<\/div>\n\t\t<\/section>\n\t\t\t\t<\/div>\n\t\t","protected":false},"excerpt":{"rendered":"<p>Mein Name ist Carolin Rothmayr und ich bin der Kopf hinter CaRo Couture. In Anschluss an meine dreij\u00e4hrige Ausbildung zur Modeschneiderin an den Modeschulen N\u00fcrnberg B5, habe ich meine zweij\u00e4hrige Weiterbildung zur staatlich gepr\u00fcften Bekleidungstechnikerin 2019 mit Auszeichnung bestanden. Nach f\u00fcnf Jahren Ausbildung in Designe, Schnittkonstruktion und Fertigung habe ich mir, neben meiner T\u00e4tigkeit in einem Mode\u00e4nderungsatelier, mit meiner eigenen kleinen Ma\u00dfschneiderei einen gro\u00dfen Wunsch erf\u00fcllt. Wenn Sie auf der Suche nach einem einzigartigen, passgenauen Outfit sind, an dem Sie lange Freude haben wollen, sind Sie bei mir genau richtig. Von Kleidung f\u00fcr den allt\u00e4glichen Bedarf, \u00fcber Dirndl und Abendkleidung bis hin zum Brautkleid, setze ich Ihre Ideen gerne in die Tat um. Erleben Sie mit wie aus einer Modeskizze in aufwendiger Handarbeit und in ein bis zwei Anproben, gerne bei Ihnen vor Ort, ein hochwertiges und einzigartiges Ma\u00dfst\u00fcck entsteht. Habe ich Ihr Interesse geweckt? Dann kontaktieren Sie mich gerne \u00fcber das Kontaktformular. Oder haben Sie Lust bekommen ihr Lieblingsst\u00fcck selbstanzufertigen? Dann schauen Sie gerne bei meiner Schnittmusterkollektion vorbei.<\/p>\n","protected":false},"author":1,"featured_media":0,"parent":0,"menu_order":0,"comment_status":"closed","ping_status":"closed","template":"","meta":{"footnotes":""},"class_list":["post-769","page","type-page","status-publish","hentry"],"_links":{"self":[{"href":"https:\/\/carocouture.de\/index.php?rest_route=\/wp\/v2\/pages\/769","targetHints":{"allow":["GET"]}}],"collection":[{"href":"https:\/\/carocouture.de\/index.php?rest_route=\/wp\/v2\/pages"}],"about":[{"href":"https:\/\/carocouture.de\/index.php?rest_route=\/wp\/v2\/types\/page"}],"author":[{"embeddable":true,"href":"https:\/\/carocouture.de\/index.php?rest_route=\/wp\/v2\/users\/1"}],"replies":[{"embeddable":true,"href":"https:\/\/carocouture.de\/index.php?rest_route=%2Fwp%2Fv2%2Fcomments&post=769"}],"version-history":[{"count":9,"href":"https:\/\/carocouture.de\/index.php?rest_route=\/wp\/v2\/pages\/769\/revisions"}],"predecessor-version":[{"id":888,"href":"https:\/\/carocouture.de\/index.php?rest_route=\/wp\/v2\/pages\/769\/revisions\/888"}],"wp:attachment":[{"href":"https:\/\/carocouture.de\/index.php?rest_route=%2Fwp%2Fv2%2Fmedia&parent=769"}],"curies":[{"name":"wp","href":"https:\/\/api.w.org\/{rel}","templated":true}]}}