{"id":975,"date":"2022-04-03T05:02:39","date_gmt":"2022-04-03T04:02:39","guid":{"rendered":"https:\/\/carocouture.de\/?page_id=975"},"modified":"2022-04-03T20:59:30","modified_gmt":"2022-04-03T19:59:30","slug":"schnittmuster","status":"publish","type":"page","link":"https:\/\/carocouture.de\/?page_id=975","title":{"rendered":"Schnittmuster"},"content":{"rendered":"\t\t<div data-elementor-type=\"wp-page\" data-elementor-id=\"975\" class=\"elementor elementor-975\">\n\t\t\t\t\t\t<section class=\"elementor-section elementor-top-section elementor-element elementor-element-360e382a elementor-section-boxed elementor-section-height-default elementor-section-height-default\" data-id=\"360e382a\" data-element_type=\"section\" data-e-type=\"section\">\n\t\t\t\t\t\t<div class=\"elementor-container elementor-column-gap-default\">\n\t\t\t\t\t<div class=\"elementor-column elementor-col-100 elementor-top-column elementor-element elementor-element-2c265950\" data-id=\"2c265950\" data-element_type=\"column\" data-e-type=\"column\">\n\t\t\t<div class=\"elementor-widget-wrap elementor-element-populated\">\n\t\t\t\t\t\t<div class=\"elementor-element elementor-element-5ff9eddc elementor-widget elementor-widget-text-editor\" data-id=\"5ff9eddc\" data-element_type=\"widget\" data-e-type=\"widget\" data-widget_type=\"text-editor.default\">\n\t\t\t\t<div class=\"elementor-widget-container\">\n\t\t\t\t\t\t\t\t\t\n<div class=\"wp-block-media-text alignwide is-stacked-on-mobile\"><figure class=\"wp-block-media-text__media\"><\/figure><div class=\"wp-block-media-text__content\">\n<p class=\"has-large-font-size\"><\/p>\n<\/div><\/div>\n\t\t\t\t\t\t\t\t<\/div>\n\t\t\t\t<\/div>\n\t\t\t\t\t<\/div>\n\t\t<\/div>\n\t\t\t\t\t<\/div>\n\t\t<\/section>\n\t\t\t\t<section class=\"elementor-section elementor-top-section elementor-element elementor-element-68dd3b9 elementor-section-boxed elementor-section-height-default elementor-section-height-default\" data-id=\"68dd3b9\" data-element_type=\"section\" data-e-type=\"section\">\n\t\t\t\t\t\t<div class=\"elementor-container elementor-column-gap-default\">\n\t\t\t\t\t<div class=\"elementor-column elementor-col-100 elementor-top-column elementor-element elementor-element-d602bbb\" data-id=\"d602bbb\" data-element_type=\"column\" data-e-type=\"column\">\n\t\t\t<div class=\"elementor-widget-wrap elementor-element-populated\">\n\t\t\t\t\t\t<div class=\"elementor-element elementor-element-899fc59 elementor-widget elementor-widget-text-editor\" data-id=\"899fc59\" data-element_type=\"widget\" data-e-type=\"widget\" data-widget_type=\"text-editor.default\">\n\t\t\t\t<div class=\"elementor-widget-container\">\n\t\t\t\t\t\t\t\t\t<p>Sie haben Lust etwas Neues auszuprobieren oder haben bereits Erfahrungen im Bereich Schneiderei?<\/p>\n<p>Dann werden Sie bei meinen Schnittmustern sicher f\u00fcndig.<\/p>\n<p>Egal ob Einsteiger*innen oder Fortgeschrittene, mit meinen leicht verst\u00e4ndlichen Schnittmustern fertigt sich jeder im Handumdrehen ein eigenes Unikat an.<\/p>\n<p>Jedes Designe und jedes Schnittmuster wird von mir selbst in Handarbeit erstellt. Sie k\u00f6nnen zuhause direkt loslegen. Kein zeitraubendes Ausschneiden oder Zusammensuchen der Schnitteile mehr. Sie bekommen Ihren Schnitt fertig ausgeschnitten auf professionellem Schnittpapier geliefert. Kurze Kommentare und Anmerkungen auf den einzelnen Schnitteilen sowie kurze Videotutorials machen die Verarbeitung besonders einfach und auch f\u00fcr Einsteiger geeignet.<\/p>\n<p>Und so funktioniert es:<\/p>\n<p>Senden Sie mir per <a href=\"https:\/\/carocouture.de\/?page_id=804\">Kontaktformular<\/a>:<\/p>\n<ol>\n<li>Name des Modells (Schwierigkeitsgrad beachten)<\/li>\n<li>Gew\u00fcnschte Gr\u00f6\u00dfe (Gr\u00f6\u00dfentabelle beachten)<\/li>\n<li>Name und Adresse<\/li>\n<\/ol>\n<p>Ich schicke Ihnen anschlie\u00dfend per Post das ausgew\u00e4hlte Schnittmuster mit technischer Zeichnung, Schnittlagenbild und N\u00e4hanleitung zu.<\/p>\t\t\t\t\t\t\t\t<\/div>\n\t\t\t\t<\/div>\n\t\t\t\t\t<\/div>\n\t\t<\/div>\n\t\t\t\t\t<\/div>\n\t\t<\/section>\n\t\t\t\t<section class=\"elementor-section elementor-top-section elementor-element elementor-element-01521e4 elementor-section-boxed elementor-section-height-default elementor-section-height-default\" data-id=\"01521e4\" data-element_type=\"section\" data-e-type=\"section\">\n\t\t\t\t\t\t<div class=\"elementor-container elementor-column-gap-default\">\n\t\t\t\t\t<div class=\"elementor-column elementor-col-100 elementor-top-column elementor-element elementor-element-12441b5\" data-id=\"12441b5\" data-element_type=\"column\" data-e-type=\"column\">\n\t\t\t<div class=\"elementor-widget-wrap elementor-element-populated\">\n\t\t\t\t\t\t<div class=\"elementor-element elementor-element-667ed82 elementor-widget elementor-widget-image\" data-id=\"667ed82\" data-element_type=\"widget\" data-e-type=\"widget\" data-widget_type=\"image.default\">\n\t\t\t\t<div class=\"elementor-widget-container\">\n\t\t\t\t\t\t\t\t\t\t\t\t\t\t\t<img fetchpriority=\"high\" decoding=\"async\" width=\"960\" height=\"656\" src=\"https:\/\/carocouture.de\/wp-content\/uploads\/2022\/04\/Kati-FotoTZ-1024x700.jpg\" class=\"attachment-large size-large wp-image-974\" alt=\"\" srcset=\"https:\/\/carocouture.de\/wp-content\/uploads\/2022\/04\/Kati-FotoTZ-1024x700.jpg 1024w, https:\/\/carocouture.de\/wp-content\/uploads\/2022\/04\/Kati-FotoTZ-300x205.jpg 300w, https:\/\/carocouture.de\/wp-content\/uploads\/2022\/04\/Kati-FotoTZ-768x525.jpg 768w, https:\/\/carocouture.de\/wp-content\/uploads\/2022\/04\/Kati-FotoTZ-1536x1050.jpg 1536w, https:\/\/carocouture.de\/wp-content\/uploads\/2022\/04\/Kati-FotoTZ-2048x1400.jpg 2048w, https:\/\/carocouture.de\/wp-content\/uploads\/2022\/04\/Kati-FotoTZ-1140x779.jpg 1140w\" sizes=\"(max-width: 960px) 100vw, 960px\" \/>\t\t\t\t\t\t\t\t\t\t\t\t\t\t\t<\/div>\n\t\t\t\t<\/div>\n\t\t\t\t\t<\/div>\n\t\t<\/div>\n\t\t\t\t\t<\/div>\n\t\t<\/section>\n\t\t\t\t<section class=\"elementor-section elementor-top-section elementor-element elementor-element-9ed9a7e elementor-section-boxed elementor-section-height-default elementor-section-height-default\" data-id=\"9ed9a7e\" data-element_type=\"section\" data-e-type=\"section\">\n\t\t\t\t\t\t<div class=\"elementor-container elementor-column-gap-default\">\n\t\t\t\t\t<div class=\"elementor-column elementor-col-100 elementor-top-column elementor-element elementor-element-ad98c21\" data-id=\"ad98c21\" data-element_type=\"column\" data-e-type=\"column\">\n\t\t\t<div class=\"elementor-widget-wrap elementor-element-populated\">\n\t\t\t\t\t\t<div class=\"elementor-element elementor-element-c138338 elementor-widget elementor-widget-text-editor\" data-id=\"c138338\" data-element_type=\"widget\" data-e-type=\"widget\" data-widget_type=\"text-editor.default\">\n\t\t\t\t<div class=\"elementor-widget-container\">\n\t\t\t\t\t\t\t\t\t<p class=\"s3\"><span class=\"s2\">Modell Kati<\/span><\/p>\n<p class=\"s3\"><span class=\"s2\">Gr. 92 &#8211; 104<\/span><\/p>\n<p class=\"s3\"><span class=\"s4\">\u2606\u2606\u00a0<\/span><\/p>\n<p class=\"s3\"><span class=\"s2\">Verspieltes M\u00e4dchen Sweatshirt mit gro\u00dfz\u00fcgigem Halsausschnitt, dezenten Puff\u00e4rmeln, \u00c4rmel-, Hals- und Saumb\u00fcndchen, Eisatz in Hasenform und Schleifenapplikation im Vorderteil.<\/span><\/p>\n<p class=\"s3\">\u00a0<\/p>\n<p class=\"s3\"><span class=\"s2\">Im Paket enthalten:<\/span><\/p>\n<p class=\"s3\"><span class=\"s2\">Schnittmuster in entsprechender Gr\u00f6\u00dfe, Schnittlagenbild und N\u00e4hanleitung.<\/span><\/p>\n<p class=\"s3\"><span class=\"s2\">Preis: 8\u20ac zzgl. Versand<\/span><\/p>\t\t\t\t\t\t\t\t<\/div>\n\t\t\t\t<\/div>\n\t\t\t\t\t<\/div>\n\t\t<\/div>\n\t\t\t\t\t<\/div>\n\t\t<\/section>\n\t\t\t\t<section class=\"elementor-section elementor-top-section elementor-element elementor-element-c4f172f elementor-section-boxed elementor-section-height-default elementor-section-height-default\" data-id=\"c4f172f\" data-element_type=\"section\" data-e-type=\"section\">\n\t\t\t\t\t\t<div class=\"elementor-container elementor-column-gap-default\">\n\t\t\t\t\t<div class=\"elementor-column elementor-col-100 elementor-top-column elementor-element elementor-element-a212c1c\" data-id=\"a212c1c\" data-element_type=\"column\" data-e-type=\"column\">\n\t\t\t<div class=\"elementor-widget-wrap elementor-element-populated\">\n\t\t\t\t\t\t<div class=\"elementor-element elementor-element-5a131ba elementor-widget elementor-widget-image\" data-id=\"5a131ba\" data-element_type=\"widget\" data-e-type=\"widget\" data-widget_type=\"image.default\">\n\t\t\t\t<div class=\"elementor-widget-container\">\n\t\t\t\t\t\t\t\t\t\t\t\t\t\t\t<img decoding=\"async\" width=\"960\" height=\"850\" src=\"https:\/\/carocouture.de\/wp-content\/uploads\/2022\/04\/Hoodie-FotoTZ-1024x907.jpg\" class=\"attachment-large size-large wp-image-973\" alt=\"\" srcset=\"https:\/\/carocouture.de\/wp-content\/uploads\/2022\/04\/Hoodie-FotoTZ-1024x907.jpg 1024w, https:\/\/carocouture.de\/wp-content\/uploads\/2022\/04\/Hoodie-FotoTZ-300x266.jpg 300w, https:\/\/carocouture.de\/wp-content\/uploads\/2022\/04\/Hoodie-FotoTZ-768x680.jpg 768w, https:\/\/carocouture.de\/wp-content\/uploads\/2022\/04\/Hoodie-FotoTZ-1536x1361.jpg 1536w, https:\/\/carocouture.de\/wp-content\/uploads\/2022\/04\/Hoodie-FotoTZ-1140x1010.jpg 1140w, https:\/\/carocouture.de\/wp-content\/uploads\/2022\/04\/Hoodie-FotoTZ.jpg 2043w\" sizes=\"(max-width: 960px) 100vw, 960px\" \/>\t\t\t\t\t\t\t\t\t\t\t\t\t\t\t<\/div>\n\t\t\t\t<\/div>\n\t\t\t\t\t<\/div>\n\t\t<\/div>\n\t\t\t\t\t<\/div>\n\t\t<\/section>\n\t\t\t\t<section class=\"elementor-section elementor-top-section elementor-element elementor-element-8dbba64 elementor-section-boxed elementor-section-height-default elementor-section-height-default\" data-id=\"8dbba64\" data-element_type=\"section\" data-e-type=\"section\">\n\t\t\t\t\t\t<div class=\"elementor-container elementor-column-gap-default\">\n\t\t\t\t\t<div class=\"elementor-column elementor-col-100 elementor-top-column elementor-element elementor-element-2df00f3\" data-id=\"2df00f3\" data-element_type=\"column\" data-e-type=\"column\">\n\t\t\t<div class=\"elementor-widget-wrap elementor-element-populated\">\n\t\t\t\t\t\t<div class=\"elementor-element elementor-element-21df548 elementor-widget elementor-widget-text-editor\" data-id=\"21df548\" data-element_type=\"widget\" data-e-type=\"widget\" data-widget_type=\"text-editor.default\">\n\t\t\t\t<div class=\"elementor-widget-container\">\n\t\t\t\t\t\t\t\t\t<p class=\"s3\"><span class=\"s2\">Modell Oversize Hoodie\u00a0<\/span><\/p>\n<p class=\"s3\"><span class=\"s2\">Onesize<\/span><\/p>\n<p class=\"s3\"><span class=\"s4\">\u2606<\/span><\/p>\n<p class=\"s3\"><span class=\"s2\">L\u00e4ssiger Damenhoodie mit gro\u00dfz\u00fcgiger Tunnelzugkapuze, K\u00e4ngurutasche, \u00c4rmel- und Saumb\u00fcndchen und Spitzenapplikationen.<\/span><\/p>\n<p class=\"s3\"><span class=\"s2\">Brustbreite: 120cm<\/span><\/p>\n<p class=\"s3\"><span class=\"s2\">L\u00e4nge inkl. Saumb\u00fcndchen: 71cm<\/span><\/p>\n<p class=\"s3\">\u00a0<\/p>\n<p class=\"s3\"><span class=\"s2\">Im Paket enthalten:<\/span><\/p>\n<p><span class=\"s2\">Schnittmuster, Schnittlagenbild und N\u00e4hanleitung.<\/span><\/p>\n<p class=\"s3\"><span class=\"s2\">Preis: 10\u20ac zzgl. Versand<\/span><\/p>\t\t\t\t\t\t\t\t<\/div>\n\t\t\t\t<\/div>\n\t\t\t\t\t<\/div>\n\t\t<\/div>\n\t\t\t\t\t<\/div>\n\t\t<\/section>\n\t\t\t\t<section class=\"elementor-section elementor-top-section elementor-element elementor-element-b726ab3 elementor-section-boxed elementor-section-height-default elementor-section-height-default\" data-id=\"b726ab3\" data-element_type=\"section\" data-e-type=\"section\">\n\t\t\t\t\t\t<div class=\"elementor-container elementor-column-gap-default\">\n\t\t\t\t\t<div class=\"elementor-column elementor-col-100 elementor-top-column elementor-element elementor-element-52e3965\" data-id=\"52e3965\" data-element_type=\"column\" data-e-type=\"column\">\n\t\t\t<div class=\"elementor-widget-wrap elementor-element-populated\">\n\t\t\t\t\t\t<div class=\"elementor-element elementor-element-89c1941 elementor-widget elementor-widget-image\" data-id=\"89c1941\" data-element_type=\"widget\" data-e-type=\"widget\" data-widget_type=\"image.default\">\n\t\t\t\t<div class=\"elementor-widget-container\">\n\t\t\t\t\t\t\t\t\t\t\t\t\t\t\t<img decoding=\"async\" width=\"960\" height=\"803\" src=\"https:\/\/carocouture.de\/wp-content\/uploads\/2022\/04\/Kirsten-FotoTZ-1024x856.jpg\" class=\"attachment-large size-large wp-image-1023\" alt=\"\" srcset=\"https:\/\/carocouture.de\/wp-content\/uploads\/2022\/04\/Kirsten-FotoTZ-1024x856.jpg 1024w, https:\/\/carocouture.de\/wp-content\/uploads\/2022\/04\/Kirsten-FotoTZ-300x251.jpg 300w, https:\/\/carocouture.de\/wp-content\/uploads\/2022\/04\/Kirsten-FotoTZ-768x642.jpg 768w, https:\/\/carocouture.de\/wp-content\/uploads\/2022\/04\/Kirsten-FotoTZ-1536x1283.jpg 1536w, https:\/\/carocouture.de\/wp-content\/uploads\/2022\/04\/Kirsten-FotoTZ-2048x1711.jpg 2048w, https:\/\/carocouture.de\/wp-content\/uploads\/2022\/04\/Kirsten-FotoTZ-1140x953.jpg 1140w\" sizes=\"(max-width: 960px) 100vw, 960px\" \/>\t\t\t\t\t\t\t\t\t\t\t\t\t\t\t<\/div>\n\t\t\t\t<\/div>\n\t\t\t\t\t<\/div>\n\t\t<\/div>\n\t\t\t\t\t<\/div>\n\t\t<\/section>\n\t\t\t\t<section class=\"elementor-section elementor-top-section elementor-element elementor-element-6870f67 elementor-section-boxed elementor-section-height-default elementor-section-height-default\" data-id=\"6870f67\" data-element_type=\"section\" data-e-type=\"section\">\n\t\t\t\t\t\t<div class=\"elementor-container elementor-column-gap-default\">\n\t\t\t\t\t<div class=\"elementor-column elementor-col-100 elementor-top-column elementor-element elementor-element-415162d\" data-id=\"415162d\" data-element_type=\"column\" data-e-type=\"column\">\n\t\t\t<div class=\"elementor-widget-wrap elementor-element-populated\">\n\t\t\t\t\t\t<div class=\"elementor-element elementor-element-8fd97b6 elementor-widget elementor-widget-text-editor\" data-id=\"8fd97b6\" data-element_type=\"widget\" data-e-type=\"widget\" data-widget_type=\"text-editor.default\">\n\t\t\t\t<div class=\"elementor-widget-container\">\n\t\t\t\t\t\t\t\t\t<p class=\"s3\"><span class=\"s2\">Modell Kirsten<\/span><\/p>\n<p class=\"s3\"><span class=\"s2\">Gr. 36 &#8211; 44<\/span><\/p>\n<p class=\"s3\"><span class=\"s4\">\u2606\u2606<\/span><\/p>\n<p class=\"s3\"><span class=\"s2\">Eleganter, gerader Damenrock mit spitzer Passe im Vorderrock, Zierkn\u00f6pfen, Rei\u00dfverschluss und offenem Schlitz im Hinterrock.<\/span><\/p>\n<p class=\"s3\"><span class=\"s2\">Gef\u00fcttert.\u00a0<\/span><\/p>\n<p class=\"s3\"><span class=\"s2\">L\u00e4nge ab Taille: 58cm<\/span><\/p>\n<p class=\"s3\">\u00a0<\/p>\n<p class=\"s3\"><span class=\"s2\">Im Paket enthalten:<\/span><\/p>\n<p><span class=\"s2\">Schnittmuster in entsprechender Gr\u00f6\u00dfe, Schnittlagenbild und N\u00e4hanleitung.<\/span><\/p>\n<p class=\"s3\"><span class=\"s2\">Preis: 13\u20ac zzgl. Versand<\/span><\/p>\t\t\t\t\t\t\t\t<\/div>\n\t\t\t\t<\/div>\n\t\t\t\t\t<\/div>\n\t\t<\/div>\n\t\t\t\t\t<\/div>\n\t\t<\/section>\n\t\t\t\t<section class=\"elementor-section elementor-top-section elementor-element elementor-element-5dfc1c1 elementor-section-boxed elementor-section-height-default elementor-section-height-default\" data-id=\"5dfc1c1\" data-element_type=\"section\" data-e-type=\"section\">\n\t\t\t\t\t\t<div class=\"elementor-container elementor-column-gap-default\">\n\t\t\t\t\t<div class=\"elementor-column elementor-col-100 elementor-top-column elementor-element elementor-element-5830227\" data-id=\"5830227\" data-element_type=\"column\" data-e-type=\"column\">\n\t\t\t<div class=\"elementor-widget-wrap elementor-element-populated\">\n\t\t\t\t\t\t<div class=\"elementor-element elementor-element-eb41730 elementor-widget elementor-widget-text-editor\" data-id=\"eb41730\" data-element_type=\"widget\" data-e-type=\"widget\" data-widget_type=\"text-editor.default\">\n\t\t\t\t<div class=\"elementor-widget-container\">\n\t\t\t\t\t\t\t\t\t<p>Einfaches Schnittmuster, f\u00fcr Einsteiger*innen<\/p>\n<p><img loading=\"lazy\" decoding=\"async\" class=\"alignnone size-full wp-image-986\" src=\"https:\/\/carocouture.de\/wp-content\/uploads\/2022\/04\/B7A3E05E-1516-4B19-B904-BB3D294052A1.jpeg\" alt=\"\" width=\"121\" height=\"137\" \/><\/p>\n<p><br \/>Aufwendiges Schnittmuster, f\u00fcr ge\u00fcbte N\u00e4her*innen<\/p>\n<p><img loading=\"lazy\" decoding=\"async\" class=\"alignnone size-full wp-image-986\" src=\"https:\/\/carocouture.de\/wp-content\/uploads\/2022\/04\/B7A3E05E-1516-4B19-B904-BB3D294052A1.jpeg\" alt=\"\" width=\"121\" height=\"137\" \/><img loading=\"lazy\" decoding=\"async\" class=\"alignnone size-full wp-image-986\" src=\"https:\/\/carocouture.de\/wp-content\/uploads\/2022\/04\/B7A3E05E-1516-4B19-B904-BB3D294052A1.jpeg\" alt=\"\" width=\"121\" height=\"137\" \/><\/p>\n<p><br \/>Anspruchsvolles Schnittmuster, f\u00fcr erfahrene N\u00e4her*innen<\/p>\n<p><img loading=\"lazy\" decoding=\"async\" class=\"alignnone size-full wp-image-986\" src=\"https:\/\/carocouture.de\/wp-content\/uploads\/2022\/04\/B7A3E05E-1516-4B19-B904-BB3D294052A1.jpeg\" alt=\"\" width=\"121\" height=\"137\" \/><img loading=\"lazy\" decoding=\"async\" class=\"alignnone size-full wp-image-986\" src=\"https:\/\/carocouture.de\/wp-content\/uploads\/2022\/04\/B7A3E05E-1516-4B19-B904-BB3D294052A1.jpeg\" alt=\"\" width=\"121\" height=\"137\" \/><img loading=\"lazy\" decoding=\"async\" class=\"alignnone size-full wp-image-986\" src=\"https:\/\/carocouture.de\/wp-content\/uploads\/2022\/04\/B7A3E05E-1516-4B19-B904-BB3D294052A1.jpeg\" alt=\"\" width=\"121\" height=\"137\" \/><\/p>\t\t\t\t\t\t\t\t<\/div>\n\t\t\t\t<\/div>\n\t\t\t\t\t<\/div>\n\t\t<\/div>\n\t\t\t\t\t<\/div>\n\t\t<\/section>\n\t\t\t\t<section class=\"elementor-section elementor-top-section elementor-element elementor-element-f680442 elementor-section-boxed elementor-section-height-default elementor-section-height-default\" data-id=\"f680442\" data-element_type=\"section\" data-e-type=\"section\">\n\t\t\t\t\t\t<div class=\"elementor-container elementor-column-gap-default\">\n\t\t\t\t\t<div class=\"elementor-column elementor-col-100 elementor-top-column elementor-element elementor-element-5c737c5\" data-id=\"5c737c5\" data-element_type=\"column\" data-e-type=\"column\">\n\t\t\t<div class=\"elementor-widget-wrap elementor-element-populated\">\n\t\t\t\t\t\t<div class=\"elementor-element elementor-element-528ef84 elementor-widget elementor-widget-text-editor\" data-id=\"528ef84\" data-element_type=\"widget\" data-e-type=\"widget\" data-widget_type=\"text-editor.default\">\n\t\t\t\t<div class=\"elementor-widget-container\">\n\t\t\t\t\t\t\t\t\t<p>Standardgr\u00f6\u00dfentabelle<\/p>\n<table>\n<tbody>\n<tr>\n<td class=\"s16\">\n<div>\n<p class=\"s17\">Konfektions-<\/p>\n<p class=\"s18\">Gr\u00f6\u00dfe<\/p>\n<p>Umfang<\/p>\n<p><span class=\"s19\">in cm<\/span><\/p>\n<\/div>\n<\/td>\n<td class=\"s20\">\n<div>\n<p>34<\/p>\n<\/div>\n<\/td>\n<td class=\"s21\">\n<div>\n<p>36<\/p>\n<\/div>\n<\/td>\n<td class=\"s21\">\n<div>\n<p>38<\/p>\n<\/div>\n<\/td>\n<td class=\"s21\">\n<div>\n<p>40<\/p>\n<\/div>\n<\/td>\n<td class=\"s21\">\n<div>\n<p>42<\/p>\n<\/div>\n<\/td>\n<td class=\"s21\">\n<div>\n<p>44<\/p>\n<\/div>\n<\/td>\n<td class=\"s21\">\n<div>\n<p>46<\/p>\n<\/div>\n<\/td>\n<td class=\"s21\">\n<div>\n<p>48<\/p>\n<\/div>\n<\/td>\n<td class=\"s21\">\n<div>\n<p>50<\/p>\n<\/div>\n<\/td>\n<\/tr>\n<tr>\n<td class=\"s22\">\n<div>\n<p>Brust<\/p>\n<\/div>\n<\/td>\n<td class=\"s23\">\n<div>\n<p>80<\/p>\n<\/div>\n<\/td>\n<td class=\"s24\">\n<div>\n<p>84<\/p>\n<\/div>\n<\/td>\n<td class=\"s24\">\n<div>\n<p>88<\/p>\n<\/div>\n<\/td>\n<td class=\"s24\">\n<div>\n<p>92<\/p>\n<\/div>\n<\/td>\n<td class=\"s24\">\n<div>\n<p>96<\/p>\n<\/div>\n<\/td>\n<td class=\"s24\">\n<div>\n<p>100<\/p>\n<\/div>\n<\/td>\n<td class=\"s24\">\n<div>\n<p>104<\/p>\n<\/div>\n<\/td>\n<td class=\"s24\">\n<div>\n<p>108<\/p>\n<\/div>\n<\/td>\n<td class=\"s24\">\n<div>\n<p>112<\/p>\n<\/div>\n<\/td>\n<\/tr>\n<tr>\n<td class=\"s25\">\n<div>\n<p>Taille<\/p>\n<\/div>\n<\/td>\n<td class=\"s26\">\n<div>\n<p>64<\/p>\n<\/div>\n<\/td>\n<td class=\"s27\">\n<div>\n<p>68<\/p>\n<\/div>\n<\/td>\n<td class=\"s27\">\n<div>\n<p>72<\/p>\n<\/div>\n<\/td>\n<td class=\"s27\">\n<div>\n<p>76<\/p>\n<\/div>\n<\/td>\n<td class=\"s27\">\n<div>\n<p>80<\/p>\n<\/div>\n<\/td>\n<td class=\"s27\">\n<div>\n<p>84<\/p>\n<\/div>\n<\/td>\n<td class=\"s28\">\n<div>\n<p>88<\/p>\n<\/div>\n<\/td>\n<td class=\"s27\">\n<div>\n<p>92<\/p>\n<\/div>\n<\/td>\n<td class=\"s27\">\n<div>\n<p>96<\/p>\n<\/div>\n<\/td>\n<\/tr>\n<tr>\n<td class=\"s29\">\n<div>\n<p>H\u00fcfte<\/p>\n<\/div>\n<\/td>\n<td class=\"s30\">\n<div>\n<p>89<\/p>\n<\/div>\n<\/td>\n<td class=\"s31\">\n<div>\n<p>93<\/p>\n<\/div>\n<\/td>\n<td class=\"s31\">\n<div>\n<p>97<\/p>\n<\/div>\n<\/td>\n<td class=\"s31\">\n<div>\n<p>101<\/p>\n<\/div>\n<\/td>\n<td class=\"s31\">\n<div>\n<p>105<\/p>\n<\/div>\n<\/td>\n<td class=\"s31\">\n<div>\n<p>111<\/p>\n<\/div>\n<\/td>\n<td class=\"s31\">\n<div>\n<p>115<\/p>\n<\/div>\n<\/td>\n<td class=\"s31\">\n<div>\n<p>119<\/p>\n<\/div>\n<\/td>\n<td class=\"s31\">\n<div>\n<p>123<\/p>\n<\/div>\n<\/td>\n<\/tr>\n<\/tbody>\n<\/table>\n<p>\u00a0<\/p>\t\t\t\t\t\t\t\t<\/div>\n\t\t\t\t<\/div>\n\t\t\t\t\t<\/div>\n\t\t<\/div>\n\t\t\t\t\t<\/div>\n\t\t<\/section>\n\t\t\t\t<\/div>\n\t\t","protected":false},"excerpt":{"rendered":"<p>Sie haben Lust etwas Neues auszuprobieren oder haben bereits Erfahrungen im Bereich Schneiderei? Dann werden Sie bei meinen Schnittmustern sicher f\u00fcndig. Egal ob Einsteiger*innen oder Fortgeschrittene, mit meinen leicht verst\u00e4ndlichen Schnittmustern fertigt sich jeder im Handumdrehen ein eigenes Unikat an. Jedes Designe und jedes Schnittmuster wird von mir selbst in Handarbeit erstellt. Sie k\u00f6nnen zuhause direkt loslegen. Kein zeitraubendes Ausschneiden oder Zusammensuchen der Schnitteile mehr. Sie bekommen Ihren Schnitt fertig ausgeschnitten auf professionellem Schnittpapier geliefert. Kurze Kommentare und Anmerkungen auf den einzelnen Schnitteilen sowie kurze Videotutorials machen die Verarbeitung besonders einfach und auch f\u00fcr Einsteiger geeignet. Und so funktioniert es: Senden Sie mir per Kontaktformular: Name des Modells (Schwierigkeitsgrad beachten) Gew\u00fcnschte Gr\u00f6\u00dfe (Gr\u00f6\u00dfentabelle beachten) Name und Adresse Ich schicke Ihnen anschlie\u00dfend per Post das ausgew\u00e4hlte Schnittmuster mit technischer Zeichnung, Schnittlagenbild und N\u00e4hanleitung zu. Modell Kati Gr. 92 &#8211; 104 \u2606\u2606\u00a0 Verspieltes M\u00e4dchen Sweatshirt mit gro\u00dfz\u00fcgigem Halsausschnitt, dezenten Puff\u00e4rmeln, \u00c4rmel-, Hals- und Saumb\u00fcndchen, Eisatz in Hasenform und Schleifenapplikation im Vorderteil. \u00a0 Im Paket enthalten: Schnittmuster in entsprechender Gr\u00f6\u00dfe, Schnittlagenbild und N\u00e4hanleitung. Preis: 8\u20ac zzgl. Versand Modell Oversize Hoodie\u00a0 Onesize \u2606 L\u00e4ssiger Damenhoodie mit gro\u00dfz\u00fcgiger Tunnelzugkapuze, K\u00e4ngurutasche, \u00c4rmel- und Saumb\u00fcndchen und Spitzenapplikationen. Brustbreite: 120cm L\u00e4nge inkl. Saumb\u00fcndchen: 71cm \u00a0 Im Paket enthalten: Schnittmuster, Schnittlagenbild und N\u00e4hanleitung. Preis: 10\u20ac zzgl. Versand Modell Kirsten Gr. 36 &#8211; 44 \u2606\u2606 Eleganter, gerader Damenrock mit spitzer Passe im Vorderrock, Zierkn\u00f6pfen, Rei\u00dfverschluss und offenem Schlitz im Hinterrock. Gef\u00fcttert.\u00a0 L\u00e4nge ab Taille: 58cm \u00a0 Im Paket enthalten: Schnittmuster in entsprechender Gr\u00f6\u00dfe, Schnittlagenbild und N\u00e4hanleitung. Preis: 13\u20ac zzgl. Versand Einfaches Schnittmuster, f\u00fcr Einsteiger*innen Aufwendiges Schnittmuster, f\u00fcr ge\u00fcbte N\u00e4her*innen Anspruchsvolles Schnittmuster, f\u00fcr erfahrene N\u00e4her*innen Standardgr\u00f6\u00dfentabelle Konfektions- Gr\u00f6\u00dfe Umfang in cm 34 36 38 40 42 44 46 48 50 Brust 80 84 88 92 96 100 104 108 112 Taille 64 68 72 76 80 84 88 92 96 H\u00fcfte 89 93 97 101 105 111 115 119 123 \u00a0<\/p>\n","protected":false},"author":1,"featured_media":0,"parent":0,"menu_order":0,"comment_status":"closed","ping_status":"closed","template":"","meta":{"footnotes":""},"class_list":["post-975","page","type-page","status-publish","hentry"],"_links":{"self":[{"href":"https:\/\/carocouture.de\/index.php?rest_route=\/wp\/v2\/pages\/975","targetHints":{"allow":["GET"]}}],"collection":[{"href":"https:\/\/carocouture.de\/index.php?rest_route=\/wp\/v2\/pages"}],"about":[{"href":"https:\/\/carocouture.de\/index.php?rest_route=\/wp\/v2\/types\/page"}],"author":[{"embeddable":true,"href":"https:\/\/carocouture.de\/index.php?rest_route=\/wp\/v2\/users\/1"}],"replies":[{"embeddable":true,"href":"https:\/\/carocouture.de\/index.php?rest_route=%2Fwp%2Fv2%2Fcomments&post=975"}],"version-history":[{"count":55,"href":"https:\/\/carocouture.de\/index.php?rest_route=\/wp\/v2\/pages\/975\/revisions"}],"predecessor-version":[{"id":1076,"href":"https:\/\/carocouture.de\/index.php?rest_route=\/wp\/v2\/pages\/975\/revisions\/1076"}],"wp:attachment":[{"href":"https:\/\/carocouture.de\/index.php?rest_route=%2Fwp%2Fv2%2Fmedia&parent=975"}],"curies":[{"name":"wp","href":"https:\/\/api.w.org\/{rel}","templated":true}]}}